Last updated on 2024-05-04 13:49:13 CEST.
Flavor | Version | Tinstall | Tcheck | Ttotal | Status | Flags |
---|---|---|---|---|---|---|
r-devel-linux-x86_64-debian-clang | 0.2 | 5.77 | 288.59 | 294.36 | OK | |
r-devel-linux-x86_64-debian-gcc | 0.2 | 3.32 | 211.49 | 214.81 | OK | |
r-devel-linux-x86_64-fedora-clang | 0.2 | 355.75 | NOTE | |||
r-devel-linux-x86_64-fedora-gcc | 0.2 | 371.91 | NOTE | |||
r-devel-windows-x86_64 | 0.2 | 6.00 | 216.00 | 222.00 | OK | |
r-patched-linux-x86_64 | 0.2 | 5.55 | 283.27 | 288.82 | OK | |
r-release-linux-x86_64 | 0.2 | 2.99 | 284.88 | 287.87 | OK | |
r-release-macos-arm64 | 0.2 | 104.00 | OK | |||
r-release-macos-x86_64 | 0.2 | 247.00 | OK | |||
r-release-windows-x86_64 | 0.2 | 5.00 | 215.00 | 220.00 | OK | |
r-oldrel-macos-arm64 | 0.2 | 113.00 | OK | |||
r-oldrel-macos-x86_64 | 0.2 | 221.00 | OK | |||
r-oldrel-windows-x86_64 | 0.2 | 6.00 | 281.00 | 287.00 | OK |
Version: 0.2
Check: dependencies in R code
Result: NOTE
Namespaces in Imports field not imported from:
‘ggplot2’ ‘mvtnorm’ ‘tidyr’
All declared Imports should be used.
Flavors: r-devel-linux-x86_64-fedora-clang, r-devel-linux-x86_64-fedora-gcc