Last updated on 2024-05-04 09:49:42 CEST.
Flavor | Version | Tinstall | Tcheck | Ttotal | Status | Flags |
---|---|---|---|---|---|---|
r-devel-linux-x86_64-debian-clang | 0.1.6 | 6.54 | 39.16 | 45.70 | OK | |
r-devel-linux-x86_64-debian-gcc | 0.1.6 | 4.48 | 28.41 | 32.89 | OK | |
r-devel-linux-x86_64-fedora-clang | 0.1.6 | 58.41 | NOTE | |||
r-devel-linux-x86_64-fedora-gcc | 0.1.6 | 57.20 | OK | |||
r-devel-windows-x86_64 | 0.1.6 | 10.00 | 61.00 | 71.00 | OK | |
r-patched-linux-x86_64 | 0.1.6 | 7.02 | 37.22 | 44.24 | OK | |
r-release-linux-x86_64 | 0.1.6 | 6.32 | 37.48 | 43.80 | OK | |
r-release-macos-arm64 | 0.1.6 | 22.00 | OK | |||
r-release-windows-x86_64 | 0.1.6 | 6.00 | 59.00 | 65.00 | OK | |
r-oldrel-macos-arm64 | 0.1.6 | 23.00 | OK | |||
r-oldrel-macos-x86_64 | 0.1.6 | 52.00 | OK | |||
r-oldrel-windows-x86_64 | 0.1.6 | 8.00 | 65.00 | 73.00 | OK |
Version: 0.1.6
Check: Rd cross-references
Result: NOTE
Undeclared package ‘mev’ in Rd xrefs
Flavor: r-devel-linux-x86_64-fedora-clang