Last updated on 2024-05-04 09:49:42 CEST.
Flavor | Version | Tinstall | Tcheck | Ttotal | Status | Flags |
---|---|---|---|---|---|---|
r-devel-linux-x86_64-debian-clang | 1.1.0 | 16.55 | 351.62 | 368.17 | NOTE | |
r-devel-linux-x86_64-debian-gcc | 1.1.0 | 10.83 | 261.27 | 272.10 | NOTE | |
r-devel-linux-x86_64-fedora-clang | 1.1.0 | 407.75 | NOTE | |||
r-devel-linux-x86_64-fedora-gcc | 1.1.0 | 433.92 | NOTE | |||
r-devel-windows-x86_64 | 1.1.0 | 14.00 | 337.00 | 351.00 | NOTE | |
r-patched-linux-x86_64 | 1.1.0 | 11.03 | 332.09 | 343.12 | NOTE | |
r-release-linux-x86_64 | 1.1.0 | 7.79 | 321.77 | 329.56 | NOTE | |
r-release-macos-arm64 | 1.1.0 | 140.00 | NOTE | |||
r-release-macos-x86_64 | 1.1.0 | 337.00 | NOTE | |||
r-release-windows-x86_64 | 1.1.0 | 12.00 | 327.00 | 339.00 | NOTE | |
r-oldrel-macos-arm64 | 1.1.0 | 131.00 | NOTE | |||
r-oldrel-macos-x86_64 | 1.1.0 | 292.00 | NOTE | |||
r-oldrel-windows-x86_64 | 1.1.0 | 16.00 | 380.00 | 396.00 | NOTE |
Version: 1.1.0
Check: package dependencies
Result: NOTE
Package suggested but not available for checking: ‘rTubeDB’
Flavors: r-devel-linux-x86_64-debian-clang, r-devel-linux-x86_64-debian-gcc, r-devel-linux-x86_64-fedora-clang, r-devel-linux-x86_64-fedora-gcc, r-devel-windows-x86_64, r-patched-linux-x86_64, r-release-linux-x86_64, r-release-macos-arm64, r-release-macos-x86_64, r-release-windows-x86_64, r-oldrel-macos-arm64, r-oldrel-macos-x86_64, r-oldrel-windows-x86_64
Version: 1.1.0
Check: Rd cross-references
Result: NOTE
Package unavailable to check Rd xrefs: ‘rTubeDB’
Flavors: r-devel-linux-x86_64-debian-clang, r-devel-linux-x86_64-debian-gcc, r-devel-linux-x86_64-fedora-clang, r-devel-linux-x86_64-fedora-gcc, r-devel-windows-x86_64, r-patched-linux-x86_64, r-release-linux-x86_64, r-release-macos-arm64, r-release-macos-x86_64, r-release-windows-x86_64, r-oldrel-macos-arm64, r-oldrel-macos-x86_64, r-oldrel-windows-x86_64
Version: 1.1.0
Check: data for non-ASCII characters
Result: NOTE
Note: found 4 marked UTF-8 strings
Flavors: r-devel-linux-x86_64-fedora-clang, r-devel-linux-x86_64-fedora-gcc