Last updated on 2024-05-04 13:49:13 CEST.
Flavor | Version | Tinstall | Tcheck | Ttotal | Status | Flags |
---|---|---|---|---|---|---|
r-devel-linux-x86_64-debian-clang | 0.5.1 | 25.17 | 42.16 | 67.33 | NOTE | |
r-devel-linux-x86_64-debian-gcc | 0.5.1 | 21.48 | 31.67 | 53.15 | NOTE | |
r-devel-linux-x86_64-fedora-clang | 0.5.1 | 94.74 | NOTE | |||
r-devel-linux-x86_64-fedora-gcc | 0.5.1 | 102.92 | NOTE | |||
r-devel-windows-x86_64 | 0.5.1 | 23.00 | 75.00 | 98.00 | NOTE | |
r-patched-linux-x86_64 | 0.5.1 | 25.61 | 41.13 | 66.74 | NOTE | |
r-release-linux-x86_64 | 0.5.1 | 26.40 | 41.22 | 67.62 | NOTE | |
r-release-macos-arm64 | 0.5.1 | 33.00 | NOTE | |||
r-release-windows-x86_64 | 0.5.1 | 22.00 | 70.00 | 92.00 | NOTE | |
r-oldrel-macos-arm64 | 0.5.1 | 34.00 | NOTE | |||
r-oldrel-macos-x86_64 | 0.5.1 | 51.00 | NOTE | |||
r-oldrel-windows-x86_64 | 0.5.1 | 27.00 | 80.00 | 107.00 | NOTE |
Version: 0.5.1
Check: C++ specification
Result: NOTE
Specified C++11: please drop specification unless essential
Flavors: r-devel-linux-x86_64-debian-clang, r-devel-linux-x86_64-debian-gcc, r-devel-linux-x86_64-fedora-clang, r-devel-linux-x86_64-fedora-gcc, r-devel-windows-x86_64, r-patched-linux-x86_64, r-release-linux-x86_64, r-release-macos-arm64, r-release-windows-x86_64, r-oldrel-macos-arm64, r-oldrel-macos-x86_64, r-oldrel-windows-x86_64