Last updated on 2024-05-04 13:49:13 CEST.
Flavor | Version | Tinstall | Tcheck | Ttotal | Status | Flags |
---|---|---|---|---|---|---|
r-devel-linux-x86_64-debian-clang | 2.6.26 | 136.61 | 57.70 | 194.31 | NOTE | |
r-devel-linux-x86_64-debian-gcc | 2.6.26 | 124.96 | 42.55 | 167.51 | NOTE | |
r-devel-linux-x86_64-fedora-clang | 2.6.26 | 323.42 | NOTE | |||
r-devel-linux-x86_64-fedora-gcc | 2.6.26 | 297.63 | NOTE | |||
r-patched-linux-x86_64 | 2.6.26 | 153.05 | 54.96 | 208.01 | OK | |
r-release-linux-x86_64 | 2.6.26 | 108.88 | 53.09 | 161.97 | OK | |
r-release-macos-arm64 | 2.6.26 | 85.00 | NOTE | |||
r-oldrel-macos-arm64 | 2.6.26 | 75.00 | NOTE | |||
r-oldrel-macos-x86_64 | 2.6.26 | 117.00 | NOTE |
Version: 2.6.26
Check: compiled code
Result: NOTE
File ‘naryn/libs/naryn.so’:
Found non-API call to R: ‘R_curErrorBuf’
Compiled code should not call non-API entry points in R.
See ‘Writing portable packages’ in the ‘Writing R Extensions’ manual.
Flavors: r-devel-linux-x86_64-debian-clang, r-devel-linux-x86_64-debian-gcc, r-devel-linux-x86_64-fedora-clang, r-devel-linux-x86_64-fedora-gcc
Version: 2.6.26
Check: installed package size
Result: NOTE
installed size is 11.1Mb
sub-directories of 1Mb or more:
libs 10.5Mb
Flavors: r-release-macos-arm64, r-oldrel-macos-arm64, r-oldrel-macos-x86_64