Last updated on 2024-05-04 09:49:42 CEST.
Flavor | Version | Tinstall | Tcheck | Ttotal | Status | Flags |
---|---|---|---|---|---|---|
r-devel-linux-x86_64-debian-clang | 0.5.2 | 9.85 | 153.43 | 163.28 | OK | |
r-devel-linux-x86_64-debian-gcc | 0.5.2 | 7.52 | 111.22 | 118.74 | OK | |
r-devel-linux-x86_64-fedora-clang | 0.5.2 | 196.62 | NOTE | |||
r-devel-linux-x86_64-fedora-gcc | 0.5.2 | 201.80 | NOTE | |||
r-devel-windows-x86_64 | 0.5.2 | 11.00 | 127.00 | 138.00 | OK | |
r-patched-linux-x86_64 | 0.5.2 | 9.24 | 141.50 | 150.74 | OK | |
r-release-linux-x86_64 | 0.5.2 | 6.07 | 145.49 | 151.56 | OK | |
r-release-macos-arm64 | 0.5.2 | 62.00 | OK | |||
r-release-macos-x86_64 | 0.5.2 | 156.00 | OK | |||
r-release-windows-x86_64 | 0.5.2 | 10.00 | 125.00 | 135.00 | OK | |
r-oldrel-macos-arm64 | 0.5.2 | 75.00 | OK | |||
r-oldrel-macos-x86_64 | 0.5.2 | 130.00 | OK | |||
r-oldrel-windows-x86_64 | 0.5.2 | 12.00 | 150.00 | 162.00 | OK |
Version: 0.5.2
Check: data for non-ASCII characters
Result: NOTE
Note: found 5 marked Latin-1 strings
Note: found 7187 marked UTF-8 strings
Flavors: r-devel-linux-x86_64-fedora-clang, r-devel-linux-x86_64-fedora-gcc