Last updated on 2024-05-04 13:49:13 CEST.
Flavor | Version | Tinstall | Tcheck | Ttotal | Status | Flags |
---|---|---|---|---|---|---|
r-devel-linux-x86_64-debian-clang | 0.5.1 | 10.39 | 73.14 | 83.53 | OK | |
r-devel-linux-x86_64-debian-gcc | 0.5.1 | 7.09 | 53.91 | 61.00 | OK | |
r-devel-linux-x86_64-fedora-clang | 0.5.1 | 108.32 | OK | |||
r-devel-linux-x86_64-fedora-gcc | 0.5.1 | 103.93 | OK | |||
r-devel-windows-x86_64 | 0.5.1 | 8.00 | 72.00 | 80.00 | OK | |
r-patched-linux-x86_64 | 0.5.1 | 5.92 | 70.07 | 75.99 | OK | |
r-release-linux-x86_64 | 0.5.1 | 5.23 | 70.08 | 75.31 | OK | |
r-release-macos-arm64 | 0.5.1 | 34.00 | OK | |||
r-release-macos-x86_64 | 0.5.1 | 101.00 | NOTE | |||
r-release-windows-x86_64 | 0.5.1 | 8.00 | 77.00 | 85.00 | OK | |
r-oldrel-macos-arm64 | 0.5.1 | 41.00 | NOTE | |||
r-oldrel-macos-x86_64 | 0.5.1 | 87.00 | NOTE | |||
r-oldrel-windows-x86_64 | 0.5.1 | 10.00 | 83.00 | 93.00 | OK |
Version: 0.5.1
Check: package dependencies
Result: NOTE
Package suggested but not available for checking: ‘arrow’
Flavor: r-release-macos-x86_64
Version: 0.5.1
Check: Rd cross-references
Result: NOTE
Package unavailable to check Rd xrefs: ‘arrow’
Flavor: r-release-macos-x86_64
Version: 0.5.1
Check: package dependencies
Result: NOTE
Package suggested but not available for checking: ‘rhdf5’
Flavors: r-oldrel-macos-arm64, r-oldrel-macos-x86_64