Last updated on 2024-05-04 13:49:13 CEST.
Flavor | Version | Tinstall | Tcheck | Ttotal | Status | Flags |
---|---|---|---|---|---|---|
r-devel-linux-x86_64-debian-clang | 1.0.2 | 838.30 | 127.44 | 965.74 | NOTE | |
r-devel-linux-x86_64-debian-gcc | 1.0.2 | 621.74 | 93.70 | 715.44 | NOTE | |
r-devel-linux-x86_64-fedora-clang | 1.0.2 | 1583.53 | NOTE | |||
r-devel-linux-x86_64-fedora-gcc | 1.0.2 | 1416.38 | NOTE | |||
r-devel-windows-x86_64 | 1.0.2 | 628.00 | 135.00 | 763.00 | NOTE | |
r-patched-linux-x86_64 | 1.0.2 | 766.26 | 120.55 | 886.81 | NOTE | |
r-release-linux-x86_64 | 1.0.2 | 792.59 | 120.96 | 913.55 | NOTE | |
r-release-macos-arm64 | 1.0.2 | 212.00 | NOTE | |||
r-release-windows-x86_64 | 1.0.2 | 620.00 | 135.00 | 755.00 | NOTE | |
r-oldrel-macos-arm64 | 1.0.2 | 290.00 | NOTE | |||
r-oldrel-macos-x86_64 | 1.0.2 | 514.00 | NOTE | |||
r-oldrel-windows-x86_64 | 1.0.2 | 767.00 | 168.00 | 935.00 | NOTE |
Version: 1.0.2
Check: C++ specification
Result: NOTE
Specified C++11: please drop specification unless essential
Flavors: r-devel-linux-x86_64-debian-clang, r-devel-linux-x86_64-debian-gcc, r-devel-linux-x86_64-fedora-clang, r-devel-linux-x86_64-fedora-gcc, r-devel-windows-x86_64, r-patched-linux-x86_64, r-release-linux-x86_64, r-release-macos-arm64, r-release-windows-x86_64, r-oldrel-macos-arm64, r-oldrel-macos-x86_64, r-oldrel-windows-x86_64
Version: 1.0.2
Check: installed package size
Result: NOTE
installed size is 11.4Mb
sub-directories of 1Mb or more:
libs 11.2Mb
Flavors: r-release-macos-arm64, r-oldrel-macos-arm64, r-oldrel-macos-x86_64