Last updated on 2024-05-04 13:49:13 CEST.
Flavor | Version | Tinstall | Tcheck | Ttotal | Status | Flags |
---|---|---|---|---|---|---|
r-devel-linux-x86_64-debian-clang | 0.1 | 37.71 | 71.63 | 109.34 | NOTE | |
r-devel-linux-x86_64-debian-gcc | 0.1 | 32.68 | 54.13 | 86.81 | NOTE | |
r-devel-linux-x86_64-fedora-clang | 0.1 | 147.64 | NOTE | |||
r-devel-linux-x86_64-fedora-gcc | 0.1 | 150.53 | NOTE | |||
r-devel-windows-x86_64 | 0.1 | 33.00 | 87.00 | 120.00 | NOTE | |
r-patched-linux-x86_64 | 0.1 | 39.95 | 67.93 | 107.88 | NOTE | |
r-release-linux-x86_64 | 0.1 | 38.60 | 67.60 | 106.20 | NOTE | |
r-release-macos-arm64 | 0.1 | 38.00 | NOTE | |||
r-release-windows-x86_64 | 0.1 | 33.00 | 88.00 | 121.00 | NOTE | |
r-oldrel-macos-arm64 | 0.1 | 47.00 | NOTE | |||
r-oldrel-macos-x86_64 | 0.1 | 71.00 | NOTE | |||
r-oldrel-windows-x86_64 | 0.1 | 41.00 | 104.00 | 145.00 | NOTE |
Version: 0.1
Check: C++ specification
Result: NOTE
Specified C++11: please drop specification unless essential
Flavors: r-devel-linux-x86_64-debian-clang, r-devel-linux-x86_64-debian-gcc, r-devel-linux-x86_64-fedora-clang, r-devel-linux-x86_64-fedora-gcc, r-devel-windows-x86_64, r-patched-linux-x86_64, r-release-linux-x86_64, r-release-macos-arm64, r-release-windows-x86_64, r-oldrel-macos-arm64, r-oldrel-macos-x86_64, r-oldrel-windows-x86_64