Last updated on 2024-05-04 17:52:55 CEST.
Flavor | Version | Tinstall | Tcheck | Ttotal | Status | Flags |
---|---|---|---|---|---|---|
r-devel-linux-x86_64-debian-clang | 1.0.1 | 18.30 | 227.05 | 245.35 | NOTE | |
r-devel-linux-x86_64-debian-gcc | 1.0.1 | 15.33 | 171.79 | 187.12 | NOTE | |
r-devel-linux-x86_64-fedora-clang | 1.0.1 | 312.30 | NOTE | |||
r-devel-linux-x86_64-fedora-gcc | 1.0.1 | 311.11 | NOTE | |||
r-devel-windows-x86_64 | 1.0.1 | 19.00 | 179.00 | 198.00 | NOTE | |
r-patched-linux-x86_64 | 1.0.1 | 17.29 | 214.59 | 231.88 | NOTE | |
r-release-linux-x86_64 | 1.0.1 | 17.46 | 213.59 | 231.05 | NOTE | |
r-release-macos-arm64 | 1.0.1 | 91.00 | NOTE | |||
r-release-windows-x86_64 | 1.0.1 | 18.00 | 180.00 | 198.00 | NOTE | |
r-oldrel-macos-arm64 | 1.0.1 | 99.00 | OK | |||
r-oldrel-macos-x86_64 | 1.0.1 | 157.00 | OK | |||
r-oldrel-windows-x86_64 | 1.0.1 | 24.00 | 228.00 | 252.00 | OK |
Version: 1.0.1
Check: Rd files
Result: NOTE
checkRd: (-1) dot-make_long_data.Rd:44: Lost braces; missing escapes or markup?
44 | training sample), psi (the value of this observations Psihat(P_{n,B_n}^0)),
| ^
checkRd: (-1) dot-make_long_data_nested_cv.Rd:49: Lost braces; missing escapes or markup?
49 | training sample), psi (the value of this observations Psihat(P_{n,B_n}^0)),
| ^
Flavors: r-devel-linux-x86_64-debian-clang, r-devel-linux-x86_64-debian-gcc, r-devel-linux-x86_64-fedora-clang, r-devel-linux-x86_64-fedora-gcc, r-devel-windows-x86_64, r-patched-linux-x86_64, r-release-linux-x86_64, r-release-macos-arm64, r-release-windows-x86_64