Last updated on 2024-05-04 09:49:42 CEST.
Flavor | Version | Tinstall | Tcheck | Ttotal | Status | Flags |
---|---|---|---|---|---|---|
r-devel-linux-x86_64-debian-clang | 1.0.0 | 1.19 | 2.24 | 3.43 | ERROR | |
r-devel-linux-x86_64-debian-gcc | 1.0.0 | 3.64 | 154.94 | 158.58 | OK | |
r-devel-linux-x86_64-fedora-clang | 1.0.0 | 280.37 | OK | |||
r-devel-linux-x86_64-fedora-gcc | 1.0.0 | 262.71 | OK | |||
r-devel-windows-x86_64 | 1.0.0 | 6.00 | 186.00 | 192.00 | OK | |
r-patched-linux-x86_64 | 1.0.0 | 3.37 | 197.40 | 200.77 | OK | |
r-release-linux-x86_64 | 1.0.0 | 4.96 | 192.27 | 197.23 | OK | |
r-release-macos-arm64 | 1.0.0 | 89.00 | OK | |||
r-release-macos-x86_64 | 1.0.0 | 187.00 | OK | |||
r-release-windows-x86_64 | 1.0.0 | 7.00 | 192.00 | 199.00 | OK | |
r-oldrel-macos-arm64 | 1.0.0 | 96.00 | OK | |||
r-oldrel-macos-x86_64 | 1.0.0 | 192.00 | OK | |||
r-oldrel-windows-x86_64 | 1.0.0 | 7.00 | 213.00 | 220.00 | OK |
Version: 1.0.0
Check: package dependencies
Result: ERROR
Packages required but not available: 'GenomicRanges', 'Rsamtools'
See section ‘The DESCRIPTION file’ in the ‘Writing R Extensions’
manual.
Flavor: r-devel-linux-x86_64-debian-clang