Last updated on 2024-05-04 13:49:13 CEST.
Flavor | Version | Tinstall | Tcheck | Ttotal | Status | Flags |
---|---|---|---|---|---|---|
r-devel-linux-x86_64-debian-clang | 1.0.0 | 5.56 | 50.30 | 55.86 | NOTE | |
r-devel-linux-x86_64-debian-gcc | 1.0.0 | 3.77 | 38.88 | 42.65 | NOTE | |
r-devel-linux-x86_64-fedora-clang | 1.0.0 | 70.76 | NOTE | |||
r-devel-linux-x86_64-fedora-gcc | 1.0.0 | 67.33 | NOTE | |||
r-devel-windows-x86_64 | 1.0.0 | 6.00 | 67.00 | 73.00 | NOTE | |
r-patched-linux-x86_64 | 1.0.0 | 4.65 | 49.62 | 54.27 | NOTE | |
r-release-linux-x86_64 | 1.0.0 | 4.98 | 47.42 | 52.40 | NOTE | |
r-release-macos-arm64 | 1.0.0 | 25.00 | NOTE | |||
r-release-windows-x86_64 | 1.0.0 | 5.00 | 65.00 | 70.00 | NOTE | |
r-oldrel-macos-arm64 | 1.0.0 | 27.00 | NOTE | |||
r-oldrel-macos-x86_64 | 1.0.0 | 37.00 | NOTE | |||
r-oldrel-windows-x86_64 | 1.0.0 | 7.00 | 69.00 | 76.00 | NOTE |
Version: 1.0.0
Check: LazyData
Result: NOTE
'LazyData' is specified without a 'data' directory
Flavors: r-devel-linux-x86_64-debian-clang, r-devel-linux-x86_64-debian-gcc, r-devel-linux-x86_64-fedora-clang, r-devel-linux-x86_64-fedora-gcc, r-devel-windows-x86_64, r-patched-linux-x86_64, r-release-linux-x86_64, r-release-macos-arm64, r-release-windows-x86_64, r-oldrel-macos-arm64, r-oldrel-macos-x86_64, r-oldrel-windows-x86_64