Last updated on 2024-05-04 09:49:42 CEST.
Flavor | Version | Tinstall | Tcheck | Ttotal | Status | Flags |
---|---|---|---|---|---|---|
r-devel-linux-x86_64-debian-clang | 1.0.2 | 171.81 | 56.50 | 228.31 | OK | |
r-devel-linux-x86_64-debian-gcc | 1.0.2 | 143.98 | 41.81 | 185.79 | OK | |
r-devel-linux-x86_64-fedora-clang | 1.0.2 | 349.62 | OK | |||
r-devel-linux-x86_64-fedora-gcc | 1.0.2 | 354.62 | OK | |||
r-devel-windows-x86_64 | 1.0.2 | 141.00 | 92.00 | 233.00 | OK | |
r-patched-linux-x86_64 | 1.0.2 | 128.05 | 53.87 | 181.92 | OK | |
r-release-linux-x86_64 | 1.0.2 | 130.15 | 53.98 | 184.13 | OK | |
r-release-macos-arm64 | 1.0.2 | 63.00 | NOTE | |||
r-release-windows-x86_64 | 1.0.2 | 139.00 | 90.00 | 229.00 | OK | |
r-oldrel-macos-arm64 | 1.0.2 | 71.00 | NOTE | |||
r-oldrel-macos-x86_64 | 1.0.2 | 80.00 | NOTE | |||
r-oldrel-windows-x86_64 | 1.0.2 | 172.00 | 103.00 | 275.00 | OK |
Version: 1.0.2
Check: installed package size
Result: NOTE
installed size is 11.2Mb
sub-directories of 1Mb or more:
libs 11.0Mb
Flavors: r-release-macos-arm64, r-oldrel-macos-arm64, r-oldrel-macos-x86_64