Last updated on 2024-05-04 13:49:13 CEST.
Flavor | Version | Tinstall | Tcheck | Ttotal | Status | Flags |
---|---|---|---|---|---|---|
r-devel-linux-x86_64-debian-clang | 2.8 | 38.60 | 100.03 | 138.63 | OK | |
r-devel-linux-x86_64-debian-gcc | 2.8 | 27.10 | 68.89 | 95.99 | OK | |
r-devel-linux-x86_64-fedora-clang | 2.8 | 170.49 | NOTE | |||
r-devel-linux-x86_64-fedora-gcc | 2.8 | 155.96 | OK | |||
r-devel-windows-x86_64 | 2.8 | 36.00 | 96.00 | 132.00 | OK | |
r-patched-linux-x86_64 | 2.8 | 30.05 | 94.98 | 125.03 | OK | |
r-release-linux-x86_64 | 2.8 | 28.67 | 91.23 | 119.90 | OK | |
r-release-macos-arm64 | 2.8 | 45.00 | OK | |||
r-release-windows-x86_64 | 2.8 | 35.00 | 92.00 | 127.00 | OK | |
r-oldrel-macos-arm64 | 2.8 | 49.00 | OK | |||
r-oldrel-macos-x86_64 | 2.8 | 117.00 | OK | |||
r-oldrel-windows-x86_64 | 2.8 | 38.00 | 109.00 | 147.00 | OK |
Version: 2.8
Check: installed package size
Result: NOTE
installed size is 10.9Mb
sub-directories of 1Mb or more:
libs 10.0Mb
Flavor: r-devel-linux-x86_64-fedora-clang