Last updated on 2024-05-04 13:49:13 CEST.
Flavor | Version | Tinstall | Tcheck | Ttotal | Status | Flags |
---|---|---|---|---|---|---|
r-devel-linux-x86_64-debian-clang | 0.1.6 | 11.85 | 80.06 | 91.91 | OK | |
r-devel-linux-x86_64-debian-gcc | 0.1.6 | 8.76 | 60.85 | 69.61 | OK | |
r-devel-linux-x86_64-fedora-clang | 0.1.6 | 110.32 | NOTE | |||
r-devel-linux-x86_64-fedora-gcc | 0.1.6 | 103.73 | NOTE | |||
r-devel-windows-x86_64 | 0.1.6 | 11.00 | 77.00 | 88.00 | OK | |
r-patched-linux-x86_64 | 0.1.6 | 6.40 | 77.71 | 84.11 | OK | |
r-release-linux-x86_64 | 0.1.6 | 6.73 | 77.67 | 84.40 | OK | |
r-release-macos-arm64 | 0.1.6 | 35.00 | OK | |||
r-release-windows-x86_64 | 0.1.6 | 10.00 | 77.00 | 87.00 | OK | |
r-oldrel-macos-arm64 | 0.1.6 | 34.00 | OK | |||
r-oldrel-macos-x86_64 | 0.1.6 | 70.00 | OK | |||
r-oldrel-windows-x86_64 | 0.1.6 | 13.00 | 87.00 | 100.00 | OK |
Version: 0.1.6
Check: data for non-ASCII characters
Result: NOTE
Note: found 1242 marked UTF-8 strings
Flavors: r-devel-linux-x86_64-fedora-clang, r-devel-linux-x86_64-fedora-gcc