Last updated on 2024-05-04 13:49:13 CEST.
Flavor | Version | Tinstall | Tcheck | Ttotal | Status | Flags |
---|---|---|---|---|---|---|
r-devel-linux-x86_64-debian-clang | 1.8.5 | 56.31 | 284.42 | 340.73 | OK | |
r-devel-linux-x86_64-debian-gcc | 1.8.5 | 43.30 | 201.16 | 244.46 | OK | |
r-devel-linux-x86_64-fedora-clang | 1.8.5 | 415.76 | NOTE | |||
r-devel-linux-x86_64-fedora-gcc | 1.8.5 | 401.15 | OK | |||
r-devel-windows-x86_64 | 1.8.5 | 44.00 | 187.00 | 231.00 | NOTE | |
r-patched-linux-x86_64 | 1.8.5 | 51.49 | 262.91 | 314.40 | OK | |
r-release-linux-x86_64 | 1.8.5 | 52.35 | 270.36 | 322.71 | OK | |
r-release-macos-arm64 | 1.8.5 | 98.00 | NOTE | |||
r-release-windows-x86_64 | 1.8.5 | 44.00 | 189.00 | 233.00 | NOTE | |
r-oldrel-macos-arm64 | 1.8.5 | 106.00 | NOTE | |||
r-oldrel-macos-x86_64 | 1.8.5 | 175.00 | NOTE | |||
r-oldrel-windows-x86_64 | 1.8.5 | 55.00 | 237.00 | 292.00 | NOTE |
Version: 1.8.5
Check: installed package size
Result: NOTE
installed size is 9.5Mb
sub-directories of 1Mb or more:
R 1.5Mb
doc 5.7Mb
extdata 1.6Mb
Flavors: r-devel-linux-x86_64-fedora-clang, r-devel-windows-x86_64, r-release-macos-arm64, r-release-windows-x86_64, r-oldrel-macos-arm64, r-oldrel-macos-x86_64, r-oldrel-windows-x86_64