Last updated on 2024-05-04 13:49:13 CEST.
Flavor | Version | Tinstall | Tcheck | Ttotal | Status | Flags |
---|---|---|---|---|---|---|
r-devel-linux-x86_64-debian-clang | 0.2-3 | 7.62 | 37.76 | 45.38 | NOTE | |
r-devel-linux-x86_64-debian-gcc | 0.2-3 | 6.47 | 28.58 | 35.05 | NOTE | |
r-devel-linux-x86_64-fedora-clang | 0.2-3 | 57.76 | NOTE | |||
r-devel-linux-x86_64-fedora-gcc | 0.2-3 | 59.66 | NOTE | |||
r-devel-windows-x86_64 | 0.2-3 | 8.00 | 51.00 | 59.00 | NOTE | |
r-patched-linux-x86_64 | 0.2-3 | 11.31 | 34.60 | 45.91 | NOTE | |
r-release-linux-x86_64 | 0.2-3 | 9.15 | 35.17 | 44.32 | NOTE | |
r-release-macos-arm64 | 0.2-3 | 22.00 | NOTE | |||
r-release-windows-x86_64 | 0.2-3 | 9.00 | 48.00 | 57.00 | NOTE | |
r-oldrel-macos-arm64 | 0.2-3 | 23.00 | OK | |||
r-oldrel-macos-x86_64 | 0.2-3 | 28.00 | OK | |||
r-oldrel-windows-x86_64 | 0.2-3 | 10.00 | 53.00 | 63.00 | OK |
Version: 0.2-3
Check: Rd files
Result: NOTE
checkRd: (-1) ocsApiUserProvisioningManager.Rd:87: Lost braces
87 | \item{code{addToGroup(userid, groupid)}}{
| ^
Flavors: r-devel-linux-x86_64-debian-clang, r-devel-linux-x86_64-debian-gcc, r-devel-linux-x86_64-fedora-clang, r-devel-linux-x86_64-fedora-gcc, r-devel-windows-x86_64, r-patched-linux-x86_64, r-release-linux-x86_64, r-release-macos-arm64, r-release-windows-x86_64