Last updated on 2024-05-04 09:49:43 CEST.
Flavor | Version | Tinstall | Tcheck | Ttotal | Status | Flags |
---|---|---|---|---|---|---|
r-devel-linux-x86_64-debian-clang | 1.0.1 | 16.93 | 270.90 | 287.83 | OK | |
r-devel-linux-x86_64-debian-gcc | 1.0.1 | 11.66 | 200.85 | 212.51 | OK | |
r-devel-linux-x86_64-fedora-clang | 1.0.1 | 346.01 | NOTE | |||
r-devel-linux-x86_64-fedora-gcc | 1.0.1 | 362.95 | OK | |||
r-devel-windows-x86_64 | 1.0.1 | 13.00 | 280.00 | 293.00 | NOTE | |
r-patched-linux-x86_64 | 1.0.1 | 13.65 | 261.86 | 275.51 | OK | |
r-release-linux-x86_64 | 1.0.1 | 9.46 | 263.33 | 272.79 | OK | |
r-release-macos-arm64 | 1.0.1 | 124.00 | NOTE | |||
r-release-windows-x86_64 | 1.0.1 | 13.00 | 250.00 | 263.00 | NOTE | |
r-oldrel-macos-arm64 | 1.0.1 | 132.00 | NOTE | |||
r-oldrel-macos-x86_64 | 1.0.1 | 418.00 | NOTE | |||
r-oldrel-windows-x86_64 | 1.0.1 | 17.00 | 321.00 | 338.00 | NOTE |
Version: 1.0.1
Check: installed package size
Result: NOTE
installed size is 6.8Mb
sub-directories of 1Mb or more:
doc 6.1Mb
Flavors: r-devel-linux-x86_64-fedora-clang, r-devel-windows-x86_64, r-release-macos-arm64, r-release-windows-x86_64, r-oldrel-macos-arm64, r-oldrel-macos-x86_64, r-oldrel-windows-x86_64