Last updated on 2024-05-04 05:50:28 CEST.
Flavor | Version | Tinstall | Tcheck | Ttotal | Status | Flags |
---|---|---|---|---|---|---|
r-devel-linux-x86_64-debian-clang | 1.2 | 1.05 | 2.50 | 3.55 | ERROR | |
r-devel-linux-x86_64-fedora-clang | 1.2 | 1055.16 | OK | |||
r-devel-linux-x86_64-fedora-gcc | 1.2 | 946.93 | OK | |||
r-devel-windows-x86_64 | 1.2 | 55.00 | 448.00 | 503.00 | OK | |
r-patched-linux-x86_64 | 1.2 | 60.91 | 676.18 | 737.09 | OK | |
r-release-linux-x86_64 | 1.2 | 49.70 | 674.29 | 723.99 | OK | |
r-release-macos-arm64 | 1.2 | 5.00 | ERROR | |||
r-release-macos-x86_64 | 1.2 | 8.00 | ERROR | |||
r-release-windows-x86_64 | 1.2 | 54.00 | 450.00 | 504.00 | OK | |
r-oldrel-macos-arm64 | 1.2 | 10.00 | ERROR | |||
r-oldrel-macos-x86_64 | 1.2 | 8.00 | ERROR | |||
r-oldrel-windows-x86_64 | 1.2 | 73.00 | 602.00 | 675.00 | OK |
Version: 1.2
Check: package dependencies
Result: ERROR
Packages required but not available:
'sva', 'GenomicFeatures', 'org.Hs.eg.db',
'TxDb.Hsapiens.UCSC.hg19.knownGene', 'TCGAbiolinks', 'GenomicRanges'
Package suggested but not available for checking: ‘genefilter’
See section ‘The DESCRIPTION file’ in the ‘Writing R Extensions’
manual.
Flavor: r-devel-linux-x86_64-debian-clang
Version: 1.2
Check: package dependencies
Result: ERROR
Packages required but not available:
'TxDb.Hsapiens.UCSC.hg19.knownGene', 'TCGAbiolinks'
See section ‘The DESCRIPTION file’ in the ‘Writing R Extensions’
manual.
Flavors: r-release-macos-arm64, r-release-macos-x86_64
Version: 1.2
Check: package dependencies
Result: ERROR
Package required but not available: ‘TCGAbiolinks’
See section ‘The DESCRIPTION file’ in the ‘Writing R Extensions’
manual.
Flavors: r-oldrel-macos-arm64, r-oldrel-macos-x86_64