Last updated on 2024-05-06 01:48:30 CEST.
Flavor | Version | Tinstall | Tcheck | Ttotal | Status | Flags |
---|---|---|---|---|---|---|
r-devel-linux-x86_64-debian-clang | 0.2-7 | 3.62 | 45.65 | 49.27 | NOTE | |
r-devel-linux-x86_64-debian-gcc | 0.2-7 | 3.23 | 34.40 | 37.63 | NOTE | |
r-devel-linux-x86_64-fedora-clang | 0.2-7 | 62.51 | NOTE | |||
r-devel-linux-x86_64-fedora-gcc | 0.2-7 | 65.16 | NOTE | |||
r-devel-windows-x86_64 | 0.2-7 | 4.00 | 53.00 | 57.00 | NOTE | |
r-patched-linux-x86_64 | 0.2-7 | 2.56 | 42.81 | 45.37 | NOTE | |
r-release-linux-x86_64 | 0.2-7 | 4.03 | 44.27 | 48.30 | NOTE | |
r-release-macos-arm64 | 0.2-7 | 23.00 | NOTE | |||
r-release-windows-x86_64 | 0.2-7 | 4.00 | 52.00 | 56.00 | NOTE | |
r-oldrel-macos-arm64 | 0.2-7 | 27.00 | NOTE | |||
r-oldrel-macos-x86_64 | 0.2-7 | 30.00 | NOTE | |||
r-oldrel-windows-x86_64 | 0.2-7 | 7.00 | 58.00 | 65.00 | NOTE |
Version: 0.2-7
Check: package dependencies
Result: NOTE
Package suggested but not available for checking: ‘openNLPmodels.en’
Flavors: r-devel-linux-x86_64-debian-clang, r-devel-linux-x86_64-debian-gcc, r-devel-linux-x86_64-fedora-clang, r-devel-linux-x86_64-fedora-gcc, r-devel-windows-x86_64, r-patched-linux-x86_64, r-release-linux-x86_64, r-release-macos-arm64, r-release-windows-x86_64, r-oldrel-macos-arm64, r-oldrel-macos-x86_64, r-oldrel-windows-x86_64