Last updated on 2024-05-04 09:49:43 CEST.
Flavor | Version | Tinstall | Tcheck | Ttotal | Status | Flags |
---|---|---|---|---|---|---|
r-devel-linux-x86_64-debian-clang | 1.0.4 | 260.18 | 186.53 | 446.71 | NOTE | |
r-devel-linux-x86_64-debian-gcc | 1.0.4 | 197.54 | 139.42 | 336.96 | NOTE | |
r-devel-linux-x86_64-fedora-clang | 1.0.4 | 694.46 | NOTE | |||
r-devel-linux-x86_64-fedora-gcc | 1.0.4 | 728.54 | NOTE | |||
r-devel-windows-x86_64 | 1.0.4 | 205.00 | 196.00 | 401.00 | NOTE | |
r-patched-linux-x86_64 | 1.0.4 | 250.44 | 178.39 | 428.83 | NOTE | |
r-release-linux-x86_64 | 1.0.4 | 186.78 | 175.28 | 362.06 | NOTE | |
r-release-macos-arm64 | 1.0.4 | 131.00 | NOTE | |||
r-release-windows-x86_64 | 1.0.4 | 197.00 | 194.00 | 391.00 | NOTE | |
r-oldrel-macos-arm64 | 1.0.4 | 155.00 | NOTE | |||
r-oldrel-macos-x86_64 | 1.0.4 | 295.00 | NOTE | |||
r-oldrel-windows-x86_64 | 1.0.4 | 249.00 | 246.00 | 495.00 | NOTE |
Version: 1.0.4
Check: package dependencies
Result: NOTE
Package suggested but not available for checking: ‘gurobi’
Flavors: r-devel-linux-x86_64-debian-clang, r-devel-linux-x86_64-debian-gcc, r-devel-linux-x86_64-fedora-clang, r-devel-linux-x86_64-fedora-gcc, r-devel-windows-x86_64, r-patched-linux-x86_64, r-release-linux-x86_64, r-release-macos-arm64, r-release-windows-x86_64, r-oldrel-macos-x86_64, r-oldrel-windows-x86_64
Version: 1.0.4
Check: C++ specification
Result: NOTE
Specified C++11: please drop specification unless essential
Flavors: r-devel-linux-x86_64-debian-clang, r-devel-linux-x86_64-debian-gcc, r-devel-linux-x86_64-fedora-clang, r-devel-linux-x86_64-fedora-gcc, r-devel-windows-x86_64, r-patched-linux-x86_64, r-release-linux-x86_64, r-release-macos-arm64, r-release-windows-x86_64, r-oldrel-macos-arm64, r-oldrel-macos-x86_64, r-oldrel-windows-x86_64
Version: 1.0.4
Check: installed package size
Result: NOTE
installed size is 7.8Mb
sub-directories of 1Mb or more:
libs 6.2Mb
Flavors: r-release-macos-arm64, r-oldrel-macos-arm64, r-oldrel-macos-x86_64
Version: 1.0.4
Check: package dependencies
Result: NOTE
Packages suggested but not available for checking: 'gurobi', 'lpsymphony'
Flavor: r-oldrel-macos-arm64