Last updated on 2024-05-04 09:49:43 CEST.
Flavor | Version | Tinstall | Tcheck | Ttotal | Status | Flags |
---|---|---|---|---|---|---|
r-devel-linux-x86_64-debian-clang | 0.1.1 | 0.88 | 2.27 | 3.15 | ERROR | |
r-devel-linux-x86_64-debian-gcc | 0.1.1 | 46.23 | 316.23 | 362.46 | OK | |
r-devel-linux-x86_64-fedora-clang | 0.1.1 | 681.89 | NOTE | |||
r-devel-linux-x86_64-fedora-gcc | 0.1.1 | 613.29 | NOTE | |||
r-devel-windows-x86_64 | 0.1.1 | 41.00 | 466.00 | 507.00 | OK | |
r-patched-linux-x86_64 | 0.1.1 | 38.71 | 415.88 | 454.59 | OK | |
r-release-linux-x86_64 | 0.1.1 | 39.83 | 409.94 | 449.77 | OK | |
r-release-macos-arm64 | 0.1.1 | 208.00 | OK | |||
r-release-macos-x86_64 | 0.1.1 | 508.00 | OK | |||
r-release-windows-x86_64 | 0.1.1 | 42.00 | 469.00 | 511.00 | OK | |
r-oldrel-macos-arm64 | 0.1.1 | 243.00 | OK | |||
r-oldrel-macos-x86_64 | 0.1.1 | 349.00 | OK | |||
r-oldrel-windows-x86_64 | 0.1.1 | 52.00 | 591.00 | 643.00 | OK |
Version: 0.1.1
Check: package dependencies
Result: ERROR
Packages required but not available: 'DESeq2', 'SummarizedExperiment'
See section ‘The DESCRIPTION file’ in the ‘Writing R Extensions’
manual.
Flavor: r-devel-linux-x86_64-debian-clang
Version: 0.1.1
Check: dependencies in R code
Result: NOTE
Namespace in Imports field not imported from: ‘devtools’
All declared Imports should be used.
Flavors: r-devel-linux-x86_64-fedora-clang, r-devel-linux-x86_64-fedora-gcc