Last updated on 2024-05-05 21:49:30 CEST.
Flavor | Version | Tinstall | Tcheck | Ttotal | Status | Flags |
---|---|---|---|---|---|---|
r-devel-linux-x86_64-debian-clang | 0.4.2 | 127.22 | 159.00 | 286.22 | OK | |
r-devel-linux-x86_64-debian-gcc | 0.4.2 | 100.96 | 107.49 | 208.45 | OK | |
r-devel-linux-x86_64-fedora-clang | 0.4.2 | 397.79 | OK | |||
r-devel-linux-x86_64-fedora-gcc | 0.4.2 | 389.44 | OK | |||
r-devel-windows-x86_64 | 0.4.2 | 104.00 | 177.00 | 281.00 | OK | |
r-patched-linux-x86_64 | 0.4.2 | 125.79 | 151.26 | 277.05 | OK | |
r-release-linux-x86_64 | 0.4.2 | 131.24 | 150.78 | 282.02 | OK | |
r-release-macos-arm64 | 0.4.2 | 78.00 | NOTE | |||
r-release-windows-x86_64 | 0.4.2 | 106.00 | 170.00 | 276.00 | OK | |
r-oldrel-macos-arm64 | 0.4.2 | 106.00 | NOTE | |||
r-oldrel-macos-x86_64 | 0.4.2 | 164.00 | NOTE | |||
r-oldrel-windows-x86_64 | 0.4.2 | 127.00 | 197.00 | 324.00 | OK |
Version: 0.4.2
Check: installed package size
Result: NOTE
installed size is 5.4Mb
sub-directories of 1Mb or more:
libs 5.2Mb
Flavors: r-release-macos-arm64, r-oldrel-macos-arm64, r-oldrel-macos-x86_64