Last updated on 2024-05-04 13:49:14 CEST.
Flavor | Version | Tinstall | Tcheck | Ttotal | Status | Flags |
---|---|---|---|---|---|---|
r-devel-linux-x86_64-debian-clang | 1.0.12 | 181.35 | 135.74 | 317.09 | NOTE | |
r-devel-linux-x86_64-debian-gcc | 1.0.12 | 141.55 | 105.32 | 246.87 | OK | |
r-devel-windows-x86_64 | 1.0.12 | 148.00 | 143.00 | 291.00 | OK | |
r-patched-linux-x86_64 | 1.0.12 | 179.64 | 137.09 | 316.73 | OK | |
r-release-linux-x86_64 | 1.0.12 | 127.95 | 133.97 | 261.92 | OK | |
r-release-macos-arm64 | 1.0.12 | 95.00 | NOTE | |||
r-release-macos-x86_64 | 1.0.12 | 160.00 | NOTE | |||
r-release-windows-x86_64 | 1.0.12 | 146.00 | 141.00 | 287.00 | OK | |
r-oldrel-macos-arm64 | 1.0.12 | 107.00 | NOTE | |||
r-oldrel-macos-x86_64 | 1.0.12 | 153.00 | NOTE | |||
r-oldrel-windows-x86_64 | 1.0.12 | 179.00 | 175.00 | 354.00 | OK |
Version: 1.0.12
Check: package dependencies
Result: NOTE
Packages suggested but not available for checking:
'AnnotationDbi', 'GO.db', 'org.Dr.eg.db', 'org.Hs.eg.db',
'org.Mm.eg.db'
Flavor: r-devel-linux-x86_64-debian-clang
Version: 1.0.12
Check: package dependencies
Result: NOTE
Packages suggested but not available for checking:
'org.Dr.eg.db', 'org.Mm.eg.db'
Flavor: r-release-macos-arm64
Version: 1.0.12
Check: installed package size
Result: NOTE
installed size is 6.8Mb
sub-directories of 1Mb or more:
libs 5.0Mb
Flavors: r-release-macos-arm64, r-release-macos-x86_64, r-oldrel-macos-arm64, r-oldrel-macos-x86_64
Version: 1.0.12
Check: package dependencies
Result: NOTE
Package suggested but not available for checking: ‘scde’
Flavor: r-oldrel-macos-arm64
Version: 1.0.12
Check: package dependencies
Result: NOTE
Packages suggested but not available for checking:
'org.Dr.eg.db', 'org.Mm.eg.db', 'scde'
Flavor: r-oldrel-macos-x86_64