Last updated on 2024-05-04 13:49:14 CEST.
Flavor | Version | Tinstall | Tcheck | Ttotal | Status | Flags |
---|---|---|---|---|---|---|
r-devel-linux-x86_64-debian-clang | 0.6.5 | 41.78 | 97.39 | 139.17 | NOTE | |
r-devel-linux-x86_64-debian-gcc | 0.6.5 | 27.86 | 71.82 | 99.68 | NOTE | |
r-devel-linux-x86_64-fedora-clang | 0.6.5 | 179.26 | NOTE | |||
r-devel-linux-x86_64-fedora-gcc | 0.6.5 | 197.82 | NOTE | |||
r-devel-windows-x86_64 | 0.6.5 | 33.00 | 129.00 | 162.00 | NOTE | |
r-patched-linux-x86_64 | 0.6.5 | 40.80 | 93.27 | 134.07 | NOTE | |
r-release-linux-x86_64 | 0.6.5 | 37.11 | 93.10 | 130.21 | NOTE | |
r-release-macos-arm64 | 0.6.5 | 58.00 | NOTE | |||
r-release-windows-x86_64 | 0.6.5 | 33.00 | 126.00 | 159.00 | NOTE | |
r-oldrel-macos-arm64 | 0.6.5 | 60.00 | OK | |||
r-oldrel-macos-x86_64 | 0.6.5 | 93.00 | OK | |||
r-oldrel-windows-x86_64 | 0.6.5 | 33.00 | 145.00 | 178.00 | OK |
Version: 0.6.5
Check: Rd files
Result: NOTE
checkRd: (-1) Pandoc.convert.Rd:42: Lost braces
42 | Calling John MacFarlane's great program to convert specified file (see \code{f} parameter below) or character vector {see \code{text} paramater} to other formats like \code{HTML}, \code{pdf}, \code{docx}, \code{odt} etc.
| ^
Flavors: r-devel-linux-x86_64-debian-clang, r-devel-linux-x86_64-debian-gcc, r-devel-linux-x86_64-fedora-clang, r-devel-linux-x86_64-fedora-gcc, r-devel-windows-x86_64, r-patched-linux-x86_64, r-release-linux-x86_64, r-release-macos-arm64, r-release-windows-x86_64