Last updated on 2024-05-04 09:49:43 CEST.
Flavor | Version | Tinstall | Tcheck | Ttotal | Status | Flags |
---|---|---|---|---|---|---|
r-devel-linux-x86_64-debian-clang | 0.1.2.1 | 4.98 | 82.73 | 87.71 | NOTE | |
r-devel-linux-x86_64-debian-gcc | 0.1.2.1 | 3.66 | 60.32 | 63.98 | NOTE | |
r-devel-linux-x86_64-fedora-clang | 0.1.2.1 | 110.06 | NOTE | |||
r-devel-linux-x86_64-fedora-gcc | 0.1.2.1 | 134.73 | NOTE | |||
r-devel-windows-x86_64 | 0.1.2.1 | 5.00 | 87.00 | 92.00 | NOTE | |
r-patched-linux-x86_64 | 0.1.2.1 | 4.76 | 77.89 | 82.65 | NOTE | |
r-release-linux-x86_64 | 0.1.2.1 | 4.41 | 77.66 | 82.07 | NOTE | |
r-release-macos-arm64 | 0.1.2.1 | 41.00 | NOTE | |||
r-release-windows-x86_64 | 0.1.2.1 | 5.00 | 86.00 | 91.00 | NOTE | |
r-oldrel-macos-arm64 | 0.1.2.1 | 60.00 | OK | |||
r-oldrel-macos-x86_64 | 0.1.2.1 | 117.00 | OK | |||
r-oldrel-windows-x86_64 | 0.1.2.1 | 7.00 | 96.00 | 103.00 | OK |
Version: 0.1.2.1
Check: Rd files
Result: NOTE
checkRd: (-1) panelsummary.Rd:112: Lost braces; missing escapes or markup?
112 | \item `"{exp(estimate) * std.error}"
| ^
checkRd: (-1) panelsummary_raw.Rd:90: Lost braces; missing escapes or markup?
90 | \item `"{exp(estimate) * std.error}"
| ^
Flavors: r-devel-linux-x86_64-debian-clang, r-devel-linux-x86_64-debian-gcc, r-devel-linux-x86_64-fedora-clang, r-devel-linux-x86_64-fedora-gcc, r-devel-windows-x86_64, r-patched-linux-x86_64, r-release-linux-x86_64, r-release-macos-arm64, r-release-windows-x86_64