Last updated on 2024-05-02 06:11:57 CEST.
Flavor | Version | Tinstall | Tcheck | Ttotal | Status | Flags |
---|---|---|---|---|---|---|
r-devel-linux-x86_64-debian-clang | 1.2.1 | 20.66 | 222.62 | 243.28 | OK | |
r-devel-linux-x86_64-debian-gcc | 1.2.1 | 16.76 | 167.45 | 184.21 | OK | |
r-devel-linux-x86_64-fedora-clang | 1.2.1 | 322.14 | NOTE | |||
r-devel-linux-x86_64-fedora-gcc | 1.2.1 | 326.23 | OK | |||
r-devel-windows-x86_64 | 1.2.1 | 23.00 | 244.00 | 267.00 | OK | |
r-patched-linux-x86_64 | 1.2.1 | 28.10 | 210.30 | 238.40 | OK | |
r-release-linux-x86_64 | 1.2.1 | 21.81 | 214.72 | 236.53 | OK | |
r-release-macos-arm64 | 1.2.1 | 82.00 | OK | |||
r-release-macos-x86_64 | 1.2.1 | 167.00 | OK | |||
r-release-windows-x86_64 | 1.2.1 | 20.00 | 247.00 | 267.00 | OK | |
r-oldrel-macos-arm64 | 1.2.1 | 96.00 | OK | |||
r-oldrel-macos-x86_64 | 1.2.1 | 246.00 | OK | |||
r-oldrel-windows-x86_64 | 1.2.1 | 28.00 | 261.00 | 289.00 | OK |
Version: 1.2.1
Check: Rd cross-references
Result: NOTE
Undeclared packages ‘partykit’, ‘Cubist’, ‘rules’, ‘h2o’, ‘agua’, ‘baguette’, ‘ipred’, ‘dbarts’, ‘lightgbm’, ‘bonsai’, ‘mboost’, ‘mda’, ‘sda’, ‘sparsediscrim’, ‘klaR’, ‘workflows’, ‘brulee’, ‘glmnet’, ‘rstan’, ‘rstanarm’, ‘naivebayes’, ‘plsmod’, ‘pscl’, ‘aorsf’, ‘randomForest’, ‘xrf’, ‘flexsurv’, ‘broom’ in Rd xrefs
Flavor: r-devel-linux-x86_64-fedora-clang