Last updated on 2024-05-04 13:49:14 CEST.
Flavor | Version | Tinstall | Tcheck | Ttotal | Status | Flags |
---|---|---|---|---|---|---|
r-devel-linux-x86_64-debian-clang | 0.2.3 | 26.31 | 135.62 | 161.93 | NOTE | |
r-devel-linux-x86_64-debian-gcc | 0.2.3 | 21.11 | 104.40 | 125.51 | NOTE | |
r-devel-linux-x86_64-fedora-clang | 0.2.3 | 206.57 | NOTE | |||
r-devel-linux-x86_64-fedora-gcc | 0.2.3 | 212.82 | NOTE | |||
r-devel-windows-x86_64 | 0.2.3 | 24.00 | 114.00 | 138.00 | NOTE | |
r-patched-linux-x86_64 | 0.2.3 | 23.12 | 134.00 | 157.12 | NOTE | |
r-release-linux-x86_64 | 0.2.3 | 17.00 | 130.27 | 147.27 | NOTE | |
r-release-macos-arm64 | 0.2.3 | 56.00 | NOTE | |||
r-release-windows-x86_64 | 0.2.3 | 22.00 | 112.00 | 134.00 | NOTE | |
r-oldrel-macos-arm64 | 0.2.3 | 57.00 | NOTE | |||
r-oldrel-macos-x86_64 | 0.2.3 | 92.00 | NOTE | |||
r-oldrel-windows-x86_64 | 0.2.3 | 30.00 | 137.00 | 167.00 | NOTE |
Version: 0.2.3
Check: C++ specification
Result: NOTE
Specified C++11: please drop specification unless essential
Flavors: r-devel-linux-x86_64-debian-clang, r-devel-linux-x86_64-debian-gcc, r-devel-linux-x86_64-fedora-clang, r-devel-linux-x86_64-fedora-gcc, r-devel-windows-x86_64, r-patched-linux-x86_64, r-release-linux-x86_64, r-release-macos-arm64, r-release-windows-x86_64, r-oldrel-macos-arm64, r-oldrel-macos-x86_64, r-oldrel-windows-x86_64
Version: 0.2.3
Check: compiled code
Result: NOTE
File ‘particles/libs/particles.so’:
Found non-API calls to R: ‘SETLENGTH’, ‘SET_TRUELENGTH’
Compiled code should not call non-API entry points in R.
See ‘Writing portable packages’ in the ‘Writing R Extensions’ manual.
Flavors: r-devel-linux-x86_64-debian-clang, r-devel-linux-x86_64-debian-gcc, r-devel-linux-x86_64-fedora-clang, r-devel-linux-x86_64-fedora-gcc
Version: 0.2.3
Check: compiled code
Result: NOTE
File 'particles/libs/x64/particles.dll':
Found non-API calls to R: 'SETLENGTH', 'SET_TRUELENGTH'
Compiled code should not call non-API entry points in R.
See 'Writing portable packages' in the 'Writing R Extensions' manual.
Flavor: r-devel-windows-x86_64