Last updated on 2024-05-06 01:48:31 CEST.
Flavor | Version | Tinstall | Tcheck | Ttotal | Status | Flags |
---|---|---|---|---|---|---|
r-devel-linux-x86_64-debian-clang | 1.0.0 | 59.42 | 101.10 | 160.52 | NOTE | |
r-devel-linux-x86_64-debian-gcc | 1.0.0 | 50.45 | 75.99 | 126.44 | NOTE | |
r-devel-linux-x86_64-fedora-clang | 1.0.0 | 230.57 | NOTE | |||
r-devel-linux-x86_64-fedora-gcc | 1.0.0 | 434.63 | NOTE | |||
r-devel-windows-x86_64 | 1.0.0 | 59.00 | 109.00 | 168.00 | NOTE | |
r-patched-linux-x86_64 | 1.0.0 | 62.78 | 98.44 | 161.22 | NOTE | |
r-release-linux-x86_64 | 1.0.0 | 61.33 | 98.60 | 159.93 | NOTE | |
r-release-macos-arm64 | 1.0.0 | 96.00 | NOTE | |||
r-release-windows-x86_64 | 1.0.0 | 61.00 | 115.00 | 176.00 | NOTE | |
r-oldrel-macos-arm64 | 1.0.0 | 116.00 | NOTE | |||
r-oldrel-macos-x86_64 | 1.0.0 | 177.00 | NOTE | |||
r-oldrel-windows-x86_64 | 1.0.0 | 72.00 | 134.00 | 206.00 | NOTE |
Version: 1.0.0
Check: C++ specification
Result: NOTE
Specified C++11: please drop specification unless essential
Flavors: r-devel-linux-x86_64-debian-clang, r-devel-linux-x86_64-debian-gcc, r-devel-linux-x86_64-fedora-clang, r-devel-linux-x86_64-fedora-gcc, r-devel-windows-x86_64, r-patched-linux-x86_64, r-release-linux-x86_64, r-release-macos-arm64, r-release-windows-x86_64, r-oldrel-macos-arm64, r-oldrel-macos-x86_64, r-oldrel-windows-x86_64
Version: 1.0.0
Check: for GNU extensions in Makefiles
Result: NOTE
GNU make is a SystemRequirements.
Flavors: r-devel-linux-x86_64-debian-clang, r-devel-linux-x86_64-debian-gcc, r-devel-linux-x86_64-fedora-clang, r-devel-linux-x86_64-fedora-gcc, r-devel-windows-x86_64, r-patched-linux-x86_64, r-release-linux-x86_64, r-release-macos-arm64, r-release-windows-x86_64, r-oldrel-macos-arm64, r-oldrel-macos-x86_64, r-oldrel-windows-x86_64