Last updated on 2024-05-04 09:49:43 CEST.
Flavor | Version | Tinstall | Tcheck | Ttotal | Status | Flags |
---|---|---|---|---|---|---|
r-devel-linux-x86_64-debian-clang | 0.5.0 | 149.72 | 392.44 | 542.16 | OK | |
r-devel-linux-x86_64-debian-gcc | 0.5.0 | 124.73 | 277.60 | 402.33 | OK | |
r-devel-linux-x86_64-fedora-clang | 0.5.0 | 679.49 | NOTE | |||
r-devel-linux-x86_64-fedora-gcc | 0.5.0 | 648.61 | OK | |||
r-devel-windows-x86_64 | 0.5.0 | 128.00 | 477.00 | 605.00 | NOTE | |
r-patched-linux-x86_64 | 0.5.0 | 199.73 | 369.04 | 568.77 | OK | |
r-release-linux-x86_64 | 0.5.0 | 134.80 | 364.45 | 499.25 | OK | |
r-release-macos-arm64 | 0.5.0 | 159.00 | NOTE | |||
r-release-windows-x86_64 | 0.5.0 | 125.00 | 469.00 | 594.00 | NOTE | |
r-oldrel-macos-arm64 | 0.5.0 | 147.00 | NOTE | |||
r-oldrel-macos-x86_64 | 0.5.0 | 289.00 | NOTE | |||
r-oldrel-windows-x86_64 | 0.5.0 | 171.00 | 534.00 | 705.00 | NOTE |
Version: 0.5.0
Check: installed package size
Result: NOTE
installed size is 6.4Mb
sub-directories of 1Mb or more:
R 2.8Mb
help 3.4Mb
Flavors: r-devel-linux-x86_64-fedora-clang, r-devel-windows-x86_64, r-release-macos-arm64, r-release-windows-x86_64, r-oldrel-macos-arm64, r-oldrel-macos-x86_64, r-oldrel-windows-x86_64