Last updated on 2024-05-04 09:49:43 CEST.
Flavor | Version | Tinstall | Tcheck | Ttotal | Status | Flags |
---|---|---|---|---|---|---|
r-devel-linux-x86_64-debian-clang | 1.0.5 | 51.66 | 69.88 | 121.54 | NOTE | |
r-devel-linux-x86_64-debian-gcc | 1.0.5 | 43.87 | 52.63 | 96.50 | NOTE | |
r-devel-linux-x86_64-fedora-clang | 1.0.5 | 165.23 | NOTE | |||
r-devel-linux-x86_64-fedora-gcc | 1.0.5 | 174.73 | NOTE | |||
r-devel-windows-x86_64 | 1.0.5 | 45.00 | 91.00 | 136.00 | NOTE | |
r-patched-linux-x86_64 | 1.0.5 | 57.22 | 63.98 | 121.20 | NOTE | |
r-release-linux-x86_64 | 1.0.5 | 53.22 | 66.03 | 119.25 | NOTE | |
r-release-macos-arm64 | 1.0.5 | 53.00 | NOTE | |||
r-release-windows-x86_64 | 1.0.5 | 41.00 | 93.00 | 134.00 | NOTE | |
r-oldrel-macos-arm64 | 1.0.5 | 65.00 | NOTE | |||
r-oldrel-macos-x86_64 | 1.0.5 | 90.00 | NOTE | |||
r-oldrel-windows-x86_64 | 1.0.5 | 58.00 | 107.00 | 165.00 | NOTE |
Version: 1.0.5
Check: C++ specification
Result: NOTE
Specified C++11: please drop specification unless essential
Flavors: r-devel-linux-x86_64-debian-clang, r-devel-linux-x86_64-debian-gcc, r-devel-linux-x86_64-fedora-clang, r-devel-linux-x86_64-fedora-gcc, r-devel-windows-x86_64, r-patched-linux-x86_64, r-release-linux-x86_64, r-release-macos-arm64, r-release-windows-x86_64, r-oldrel-macos-arm64, r-oldrel-macos-x86_64, r-oldrel-windows-x86_64