Last updated on 2024-05-04 09:49:43 CEST.
Flavor | Version | Tinstall | Tcheck | Ttotal | Status | Flags |
---|---|---|---|---|---|---|
r-devel-linux-x86_64-debian-clang | 2.0.0 | 124.15 | 284.87 | 409.02 | OK | |
r-devel-linux-x86_64-debian-gcc | 2.0.0 | 407.87 | 202.05 | 609.92 | OK | |
r-devel-linux-x86_64-fedora-clang | 2.0.0 | 537.56 | OK | |||
r-devel-linux-x86_64-fedora-gcc | 2.0.0 | 772.10 | OK | |||
r-devel-windows-x86_64 | 2.0.0 | 248.00 | 206.00 | 454.00 | OK | |
r-patched-linux-x86_64 | 2.0.0 | 398.29 | 272.37 | 670.66 | OK | |
r-release-linux-x86_64 | 2.0.0 | 424.90 | 266.76 | 691.66 | OK | |
r-release-macos-arm64 | 2.0.0 | 170.00 | NOTE | |||
r-release-macos-x86_64 | 2.0.0 | 382.00 | NOTE | |||
r-release-windows-x86_64 | 2.0.0 | 244.00 | 210.00 | 454.00 | OK | |
r-oldrel-macos-arm64 | 2.0.0 | 183.00 | NOTE | |||
r-oldrel-macos-x86_64 | 2.0.0 | 340.00 | NOTE | |||
r-oldrel-windows-x86_64 | 2.0.0 | 332.00 | 283.00 | 615.00 | OK |
Version: 2.0.0
Check: installed package size
Result: NOTE
installed size is 5.6Mb
sub-directories of 1Mb or more:
libs 3.8Mb
Flavors: r-release-macos-arm64, r-release-macos-x86_64, r-oldrel-macos-arm64, r-oldrel-macos-x86_64