Last updated on 2024-05-06 01:48:31 CEST.
Flavor | Version | Tinstall | Tcheck | Ttotal | Status | Flags |
---|---|---|---|---|---|---|
r-devel-linux-x86_64-debian-clang | 1.3 | 13.17 | 111.03 | 124.20 | OK | |
r-devel-linux-x86_64-debian-gcc | 1.3 | 10.06 | 82.60 | 92.66 | OK | |
r-devel-linux-x86_64-fedora-clang | 1.3 | 167.36 | OK | |||
r-devel-linux-x86_64-fedora-gcc | 1.3 | 176.32 | OK | |||
r-devel-windows-x86_64 | 1.3 | 14.00 | 148.00 | 162.00 | OK | |
r-patched-linux-x86_64 | 1.3 | 15.39 | 109.25 | 124.64 | OK | |
r-release-linux-x86_64 | 1.3 | 12.21 | 106.51 | 118.72 | OK | |
r-release-macos-arm64 | 1.3 | 50.00 | OK | |||
r-release-windows-x86_64 | 1.3 | 15.00 | 146.00 | 161.00 | OK | |
r-oldrel-macos-arm64 | 1.3 | 72.00 | NOTE | |||
r-oldrel-macos-x86_64 | 1.3 | 152.00 | OK | |||
r-oldrel-windows-x86_64 | 1.3 | 18.00 | 150.00 | 168.00 | OK |
Version: 1.3
Check: package dependencies
Result: NOTE
Package suggested but not available for checking: ‘snpStats’
Flavor: r-oldrel-macos-arm64