Last updated on 2024-05-04 13:49:14 CEST.
Flavor | Version | Tinstall | Tcheck | Ttotal | Status | Flags |
---|---|---|---|---|---|---|
r-devel-linux-x86_64-debian-clang | 0.1.3 | 15.31 | 120.77 | 136.08 | OK | |
r-devel-linux-x86_64-debian-gcc | 0.1.3 | 11.03 | 87.11 | 98.14 | OK | |
r-devel-linux-x86_64-fedora-clang | 0.1.3 | 170.67 | NOTE | |||
r-devel-linux-x86_64-fedora-gcc | 0.1.3 | 159.07 | NOTE | |||
r-devel-windows-x86_64 | 0.1.3 | 12.00 | 100.00 | 112.00 | OK | |
r-patched-linux-x86_64 | 0.1.3 | 18.03 | 110.23 | 128.26 | OK | |
r-release-linux-x86_64 | 0.1.3 | 8.52 | 112.79 | 121.31 | OK | |
r-release-macos-arm64 | 0.1.3 | 47.00 | OK | |||
r-release-windows-x86_64 | 0.1.3 | 12.00 | 98.00 | 110.00 | OK | |
r-oldrel-macos-arm64 | 0.1.3 | 47.00 | OK | |||
r-oldrel-macos-x86_64 | 0.1.3 | 112.00 | OK | |||
r-oldrel-windows-x86_64 | 0.1.3 | 16.00 | 121.00 | 137.00 | OK |
Version: 0.1.3
Check: data for non-ASCII characters
Result: NOTE
Note: found 4 marked UTF-8 strings
Flavors: r-devel-linux-x86_64-fedora-clang, r-devel-linux-x86_64-fedora-gcc