Last updated on 2024-05-04 09:49:44 CEST.
Flavor | Version | Tinstall | Tcheck | Ttotal | Status | Flags |
---|---|---|---|---|---|---|
r-devel-linux-x86_64-debian-clang | 0.1.1 | 3.15 | 25.96 | 29.11 | OK | |
r-devel-linux-x86_64-debian-gcc | 0.1.1 | 2.32 | 20.16 | 22.48 | OK | |
r-devel-linux-x86_64-fedora-clang | 0.1.1 | 37.52 | NOTE | |||
r-devel-linux-x86_64-fedora-gcc | 0.1.1 | 35.66 | NOTE | |||
r-devel-windows-x86_64 | 0.1.1 | 4.00 | 44.00 | 48.00 | OK | |
r-patched-linux-x86_64 | 0.1.1 | 2.52 | 24.83 | 27.35 | OK | |
r-release-linux-x86_64 | 0.1.1 | 2.63 | 25.77 | 28.40 | OK | |
r-release-macos-arm64 | 0.1.1 | 16.00 | OK | |||
r-release-windows-x86_64 | 0.1.1 | 4.00 | 42.00 | 46.00 | OK | |
r-oldrel-macos-arm64 | 0.1.1 | 20.00 | OK | |||
r-oldrel-macos-x86_64 | 0.1.1 | 36.00 | OK | |||
r-oldrel-windows-x86_64 | 0.1.1 | 3.00 | 43.00 | 46.00 | OK |
Version: 0.1.1
Check: data for non-ASCII characters
Result: NOTE
Note: found 201 marked UTF-8 strings
Flavors: r-devel-linux-x86_64-fedora-clang, r-devel-linux-x86_64-fedora-gcc