Last updated on 2024-05-06 01:48:31 CEST.
Flavor | Version | Tinstall | Tcheck | Ttotal | Status | Flags |
---|---|---|---|---|---|---|
r-devel-linux-x86_64-debian-clang | 2.0.3 | 7.09 | 72.97 | 80.06 | OK | |
r-devel-linux-x86_64-debian-gcc | 2.0.3 | 6.09 | 54.98 | 61.07 | OK | |
r-devel-linux-x86_64-fedora-clang | 2.0.3 | 100.60 | NOTE | |||
r-devel-linux-x86_64-fedora-gcc | 2.0.3 | 99.14 | OK | |||
r-devel-windows-x86_64 | 2.0.3 | 7.00 | 81.00 | 88.00 | OK | |
r-patched-linux-x86_64 | 2.0.3 | 7.86 | 69.98 | 77.84 | OK | |
r-release-linux-x86_64 | 2.0.3 | 6.72 | 69.36 | 76.08 | OK | |
r-release-macos-arm64 | 2.0.3 | 31.00 | OK | |||
r-release-macos-x86_64 | 2.0.3 | 92.00 | OK | |||
r-release-windows-x86_64 | 2.0.3 | 8.00 | 79.00 | 87.00 | OK | |
r-oldrel-macos-arm64 | 2.0.3 | 41.00 | OK | |||
r-oldrel-macos-x86_64 | 2.0.3 | 85.00 | OK | |||
r-oldrel-windows-x86_64 | 2.0.3 | 11.00 | 91.00 | 102.00 | OK |
Version: 2.0.3
Check: Rd cross-references
Result: NOTE
Undeclared packages ‘classInt’, ‘agricolae’, ‘plotrix’, ‘AICcmodavg’ in Rd xrefs
Flavor: r-devel-linux-x86_64-fedora-clang