Last updated on 2024-05-04 09:49:44 CEST.
Flavor | Version | Tinstall | Tcheck | Ttotal | Status | Flags |
---|---|---|---|---|---|---|
r-devel-linux-x86_64-debian-clang | 0.1.0 | 8.40 | 56.60 | 65.00 | OK | |
r-devel-linux-x86_64-debian-gcc | 0.1.0 | 6.03 | 43.07 | 49.10 | OK | |
r-devel-linux-x86_64-fedora-clang | 0.1.0 | 80.97 | NOTE | |||
r-devel-linux-x86_64-fedora-gcc | 0.1.0 | 49.27 | NOTE | |||
r-devel-windows-x86_64 | 0.1.0 | 8.00 | 64.00 | 72.00 | OK | |
r-patched-linux-x86_64 | 0.1.0 | 6.98 | 54.80 | 61.78 | OK | |
r-release-linux-x86_64 | 0.1.0 | 4.61 | 53.44 | 58.05 | OK | |
r-release-macos-arm64 | 0.1.0 | 37.00 | OK | |||
r-release-windows-x86_64 | 0.1.0 | 9.00 | 65.00 | 74.00 | OK | |
r-oldrel-macos-arm64 | 0.1.0 | 37.00 | OK | |||
r-oldrel-macos-x86_64 | 0.1.0 | 50.00 | OK | |||
r-oldrel-windows-x86_64 | 0.1.0 | 11.00 | 68.00 | 79.00 | OK |
Version: 0.1.0
Check: data for non-ASCII characters
Result: NOTE
Note: found 114 marked UTF-8 strings
Flavors: r-devel-linux-x86_64-fedora-clang, r-devel-linux-x86_64-fedora-gcc