Last updated on 2024-05-04 09:49:44 CEST.
Flavor | Version | Tinstall | Tcheck | Ttotal | Status | Flags |
---|---|---|---|---|---|---|
r-devel-linux-x86_64-debian-clang | 0.11.2 | 26.99 | 259.55 | 286.54 | OK | |
r-devel-linux-x86_64-debian-gcc | 0.11.2 | 22.71 | 189.82 | 212.53 | OK | |
r-devel-linux-x86_64-fedora-clang | 0.11.2 | 364.23 | OK | |||
r-devel-linux-x86_64-fedora-gcc | 0.11.2 | 355.88 | OK | |||
r-devel-windows-x86_64 | 0.11.2 | 30.00 | 267.00 | 297.00 | OK | |
r-patched-linux-x86_64 | 0.11.2 | 38.82 | 245.22 | 284.04 | OK | |
r-release-linux-x86_64 | 0.11.2 | 27.72 | 245.24 | 272.96 | OK | |
r-release-macos-arm64 | 0.11.2 | 94.00 | OK | |||
r-release-macos-x86_64 | 0.11.2 | 223.00 | OK | |||
r-release-windows-x86_64 | 0.11.2 | 29.00 | 265.00 | 294.00 | OK | |
r-oldrel-macos-arm64 | 0.11.2 | 122.00 | OK | |||
r-oldrel-macos-x86_64 | 0.11.2 | 266.00 | NOTE | |||
r-oldrel-windows-x86_64 | 0.11.2 | 38.00 | 318.00 | 356.00 | OK |
Version: 0.11.2
Check: installed package size
Result: NOTE
installed size is 5.9Mb
sub-directories of 1Mb or more:
R 2.1Mb
help 2.1Mb
Flavor: r-oldrel-macos-x86_64