Last updated on 2024-05-04 09:49:44 CEST.
Flavor | Version | Tinstall | Tcheck | Ttotal | Status | Flags |
---|---|---|---|---|---|---|
r-devel-linux-x86_64-debian-clang | 0.9.11 | 22.41 | 151.48 | 173.89 | NOTE | |
r-devel-linux-x86_64-debian-gcc | 0.9.11 | 15.68 | 110.05 | 125.73 | NOTE | |
r-devel-linux-x86_64-fedora-clang | 0.9.11 | 218.77 | NOTE | |||
r-devel-linux-x86_64-fedora-gcc | 0.9.11 | 220.34 | NOTE | |||
r-devel-windows-x86_64 | 0.9.11 | 20.00 | 127.00 | 147.00 | NOTE | |
r-patched-linux-x86_64 | 0.9.11 | 22.15 | 143.98 | 166.13 | NOTE | |
r-release-linux-x86_64 | 0.9.11 | 22.12 | 145.32 | 167.44 | NOTE | |
r-release-macos-arm64 | 0.9.11 | 61.00 | NOTE | |||
r-release-windows-x86_64 | 0.9.11 | 20.00 | 125.00 | 145.00 | NOTE | |
r-oldrel-macos-arm64 | 0.9.11 | 73.00 | OK | |||
r-oldrel-macos-x86_64 | 0.9.11 | 174.00 | OK | |||
r-oldrel-windows-x86_64 | 0.9.11 | 26.00 | 165.00 | 191.00 | OK |
Version: 0.9.11
Check: Rd files
Result: NOTE
checkRd: (-1) phylter.Rd:51: Lost braces; missing escapes or markup?
51 | the output ({out$DiscardedGenes}).}
| ^
Flavors: r-devel-linux-x86_64-debian-clang, r-devel-linux-x86_64-debian-gcc, r-devel-linux-x86_64-fedora-clang, r-devel-linux-x86_64-fedora-gcc, r-devel-windows-x86_64, r-patched-linux-x86_64, r-release-linux-x86_64, r-release-macos-arm64, r-release-windows-x86_64