Last updated on 2024-05-03 01:51:27 CEST.
Flavor | Version | Tinstall | Tcheck | Ttotal | Status | Flags |
---|---|---|---|---|---|---|
r-devel-linux-x86_64-debian-clang | 0.1.4 | 4.53 | 40.80 | 45.33 | NOTE | |
r-devel-linux-x86_64-debian-gcc | 0.1.4 | 3.88 | 31.17 | 35.05 | NOTE | |
r-devel-linux-x86_64-fedora-clang | 0.1.4 | 59.91 | NOTE | |||
r-devel-linux-x86_64-fedora-gcc | 0.1.4 | 56.26 | NOTE | |||
r-devel-windows-x86_64 | 0.1.4 | 6.00 | 51.00 | 57.00 | OK | |
r-patched-linux-x86_64 | 0.1.4 | 4.70 | 38.97 | 43.67 | NOTE | |
r-release-linux-x86_64 | 0.1.4 | 4.87 | 38.99 | 43.86 | NOTE | |
r-release-macos-arm64 | 0.1.4 | 22.00 | NOTE | |||
r-release-windows-x86_64 | 0.1.4 | 6.00 | 57.00 | 63.00 | OK | |
r-oldrel-macos-arm64 | 0.1.4 | 23.00 | OK | |||
r-oldrel-macos-x86_64 | 0.1.4 | 31.00 | OK | |||
r-oldrel-windows-x86_64 | 0.1.4 | 7.00 | 55.00 | 62.00 | NOTE |
Version: 0.1.4
Check: package dependencies
Result: NOTE
Package suggested but not available for checking: ‘pinnacle.API’
Flavors: r-devel-linux-x86_64-debian-clang, r-devel-linux-x86_64-debian-gcc, r-devel-linux-x86_64-fedora-clang, r-devel-linux-x86_64-fedora-gcc, r-patched-linux-x86_64, r-release-linux-x86_64, r-release-macos-arm64, r-oldrel-windows-x86_64