Last updated on 2024-05-04 09:49:44 CEST.
Flavor | Version | Tinstall | Tcheck | Ttotal | Status | Flags |
---|---|---|---|---|---|---|
r-devel-linux-x86_64-debian-clang | 2.1.0 | 94.37 | 402.67 | 497.04 | NOTE | |
r-devel-linux-x86_64-debian-gcc | 2.1.0 | 80.38 | 282.40 | 362.78 | NOTE | |
r-devel-linux-x86_64-fedora-clang | 2.1.0 | 614.93 | NOTE | |||
r-devel-linux-x86_64-fedora-gcc | 2.1.0 | 670.07 | NOTE | |||
r-devel-windows-x86_64 | 2.1.0 | 83.00 | 300.00 | 383.00 | NOTE | |
r-patched-linux-x86_64 | 2.1.0 | 86.42 | 375.40 | 461.82 | NOTE | |
r-release-linux-x86_64 | 2.1.0 | 94.27 | 381.27 | 475.54 | NOTE | |
r-release-macos-arm64 | 2.1.0 | 125.00 | OK | |||
r-release-windows-x86_64 | 2.1.0 | 82.00 | 309.00 | 391.00 | NOTE | |
r-oldrel-macos-arm64 | 2.1.0 | 139.00 | OK | |||
r-oldrel-macos-x86_64 | 2.1.0 | 335.00 | OK | |||
r-oldrel-windows-x86_64 | 2.1.0 | 102.00 | 398.00 | 500.00 | OK |
Version: 2.1.0
Check: HTML version of manual
Result: NOTE
Found the following HTML validation problems:
efourier_power.html:100:1 (efourier_power.Rd:35): Warning: trimming empty <li>
Flavors: r-devel-linux-x86_64-debian-clang, r-devel-linux-x86_64-debian-gcc, r-devel-linux-x86_64-fedora-clang, r-devel-linux-x86_64-fedora-gcc, r-devel-windows-x86_64, r-patched-linux-x86_64, r-release-linux-x86_64, r-release-windows-x86_64