Last updated on 2024-05-04 13:49:15 CEST.
Flavor | Version | Tinstall | Tcheck | Ttotal | Status | Flags |
---|---|---|---|---|---|---|
r-devel-linux-x86_64-debian-clang | 0.3.4 | 12.77 | 126.81 | 139.58 | NOTE | |
r-devel-linux-x86_64-debian-gcc | 0.3.4 | 7.02 | 97.56 | 104.58 | NOTE | |
r-devel-linux-x86_64-fedora-clang | 0.3.4 | 174.02 | NOTE | |||
r-devel-linux-x86_64-fedora-gcc | 0.3.4 | 193.59 | NOTE | |||
r-devel-windows-x86_64 | 0.3.4 | 12.00 | 156.00 | 168.00 | NOTE | |
r-patched-linux-x86_64 | 0.3.4 | 10.35 | 123.59 | 133.94 | NOTE | |
r-release-linux-x86_64 | 0.3.4 | 6.11 | 125.40 | 131.51 | NOTE | |
r-release-macos-arm64 | 0.3.4 | 73.00 | NOTE | |||
r-release-windows-x86_64 | 0.3.4 | 10.00 | 152.00 | 162.00 | NOTE | |
r-oldrel-macos-arm64 | 0.3.4 | 77.00 | OK | |||
r-oldrel-macos-x86_64 | 0.3.4 | 74.00 | OK | |||
r-oldrel-windows-x86_64 | 0.3.4 | 12.00 | 166.00 | 178.00 | OK |
Version: 0.3.4
Check: Rd files
Result: NOTE
checkRd: (-1) check_hwe.Rd:103: Lost braces; missing escapes or markup?
103 | {'ALL', 'AFF', 'UNAFF', 'ALL(QT)', 'ALL(NP)'}), A1 (Allele 1; usually minor),
| ^
Flavors: r-devel-linux-x86_64-debian-clang, r-devel-linux-x86_64-debian-gcc, r-devel-linux-x86_64-fedora-clang, r-devel-linux-x86_64-fedora-gcc, r-devel-windows-x86_64, r-patched-linux-x86_64, r-release-linux-x86_64, r-release-macos-arm64, r-release-windows-x86_64