Last updated on 2024-05-04 13:49:15 CEST.
Flavor | Version | Tinstall | Tcheck | Ttotal | Status | Flags |
---|---|---|---|---|---|---|
r-devel-linux-x86_64-debian-clang | 2.6-4 | 26.60 | 235.16 | 261.76 | OK | |
r-devel-linux-x86_64-debian-gcc | 2.6-4 | 17.70 | 169.14 | 186.84 | OK | |
r-devel-linux-x86_64-fedora-clang | 2.6-4 | 324.28 | NOTE | |||
r-devel-linux-x86_64-fedora-gcc | 2.6-4 | 322.58 | OK | |||
r-devel-windows-x86_64 | 2.6-4 | 23.00 | 196.00 | 219.00 | NOTE | |
r-patched-linux-x86_64 | 2.6-4 | 27.83 | 224.31 | 252.14 | OK | |
r-release-linux-x86_64 | 2.6-4 | 17.97 | 224.16 | 242.13 | OK | |
r-release-macos-arm64 | 2.6-4 | 89.00 | NOTE | |||
r-release-macos-x86_64 | 2.6-4 | 303.00 | NOTE | |||
r-release-windows-x86_64 | 2.6-4 | 20.00 | 195.00 | 215.00 | NOTE | |
r-oldrel-macos-arm64 | 2.6-4 | 97.00 | NOTE | |||
r-oldrel-macos-x86_64 | 2.6-4 | 257.00 | NOTE | |||
r-oldrel-windows-x86_64 | 2.6-4 | 31.00 | 243.00 | 274.00 | NOTE |
Version: 2.6-4
Check: installed package size
Result: NOTE
installed size is 5.7Mb
sub-directories of 1Mb or more:
tests 3.2Mb
Flavors: r-devel-linux-x86_64-fedora-clang, r-devel-windows-x86_64, r-release-macos-arm64, r-release-macos-x86_64, r-release-windows-x86_64, r-oldrel-macos-arm64, r-oldrel-macos-x86_64, r-oldrel-windows-x86_64