Last updated on 2024-05-04 13:49:15 CEST.
Flavor | Version | Tinstall | Tcheck | Ttotal | Status | Flags |
---|---|---|---|---|---|---|
r-devel-linux-x86_64-debian-clang | 1.4 | 6.13 | 50.88 | 57.01 | NOTE | |
r-devel-linux-x86_64-debian-gcc | 1.4 | 4.34 | 37.77 | 42.11 | NOTE | |
r-devel-linux-x86_64-fedora-clang | 1.4 | 69.92 | NOTE | |||
r-devel-linux-x86_64-fedora-gcc | 1.4 | 93.40 | NOTE | |||
r-devel-windows-x86_64 | 1.4 | 6.00 | 65.00 | 71.00 | NOTE | |
r-patched-linux-x86_64 | 1.4 | 7.87 | 48.39 | 56.26 | NOTE | |
r-release-linux-x86_64 | 1.4 | 5.09 | 48.55 | 53.64 | NOTE | |
r-release-macos-arm64 | 1.4 | 29.00 | NOTE | |||
r-release-windows-x86_64 | 1.4 | 6.00 | 65.00 | 71.00 | NOTE | |
r-oldrel-macos-arm64 | 1.4 | 31.00 | OK | |||
r-oldrel-macos-x86_64 | 1.4 | 48.00 | OK | |||
r-oldrel-windows-x86_64 | 1.4 | 5.00 | 68.00 | 73.00 | OK |
Version: 1.4
Check: Rd files
Result: NOTE
checkRd: (-1) add_bars.Rd:15: Lost braces
15 | When \\code{y0} is not specified, the lowest value of the y-axis is used.}
| ^
checkRd: (-1) add_bars.Rd:24: Lost braces
24 | \\code{\\link[graphics]{par}}.}
| ^
checkRd: (-1) add_bars.Rd:24: Lost braces
24 | \\code{\\link[graphics]{par}}.}
| ^
Flavors: r-devel-linux-x86_64-debian-clang, r-devel-linux-x86_64-debian-gcc, r-devel-linux-x86_64-fedora-clang, r-devel-linux-x86_64-fedora-gcc, r-devel-windows-x86_64, r-patched-linux-x86_64, r-release-linux-x86_64, r-release-macos-arm64, r-release-windows-x86_64