Last updated on 2024-05-04 13:49:15 CEST.
Flavor | Version | Tinstall | Tcheck | Ttotal | Status | Flags |
---|---|---|---|---|---|---|
r-devel-linux-x86_64-debian-clang | 1.0.0 | 12.77 | 253.90 | 266.67 | OK | |
r-devel-linux-x86_64-debian-gcc | 1.0.0 | 10.51 | 175.38 | 185.89 | OK | |
r-devel-linux-x86_64-fedora-clang | 1.0.0 | 315.62 | NOTE | |||
r-devel-linux-x86_64-fedora-gcc | 1.0.0 | 305.17 | OK | |||
r-devel-windows-x86_64 | 1.0.0 | 12.00 | 191.00 | 203.00 | NOTE | |
r-patched-linux-x86_64 | 1.0.0 | 15.62 | 237.69 | 253.31 | OK | |
r-release-linux-x86_64 | 1.0.0 | 9.49 | 250.14 | 259.63 | OK | |
r-release-macos-arm64 | 1.0.0 | 83.00 | NOTE | |||
r-release-windows-x86_64 | 1.0.0 | 13.00 | 193.00 | 206.00 | NOTE | |
r-oldrel-macos-arm64 | 1.0.0 | 92.00 | NOTE | |||
r-oldrel-macos-x86_64 | 1.0.0 | 233.00 | NOTE | |||
r-oldrel-windows-x86_64 | 1.0.0 | 15.00 | 247.00 | 262.00 | NOTE |
Version: 1.0.0
Check: installed package size
Result: NOTE
installed size is 7.0Mb
sub-directories of 1Mb or more:
data 2.7Mb
extdata 3.6Mb
Flavors: r-devel-linux-x86_64-fedora-clang, r-devel-windows-x86_64, r-release-macos-arm64, r-release-windows-x86_64, r-oldrel-macos-arm64, r-oldrel-macos-x86_64, r-oldrel-windows-x86_64