Last updated on 2024-05-04 09:49:44 CEST.
Flavor | Version | Tinstall | Tcheck | Ttotal | Status | Flags |
---|---|---|---|---|---|---|
r-devel-linux-x86_64-debian-clang | 1.0.1 | 42.15 | 259.62 | 301.77 | OK | |
r-devel-linux-x86_64-debian-gcc | 1.0.1 | 25.05 | 187.80 | 212.85 | OK | |
r-devel-linux-x86_64-fedora-clang | 1.0.1 | 360.72 | NOTE | |||
r-devel-linux-x86_64-fedora-gcc | 1.0.1 | 380.79 | NOTE | |||
r-devel-windows-x86_64 | 1.0.1 | 31.00 | 190.00 | 221.00 | OK | |
r-patched-linux-x86_64 | 1.0.1 | 37.50 | 238.04 | 275.54 | OK | |
r-release-linux-x86_64 | 1.0.1 | 22.96 | 241.81 | 264.77 | OK | |
r-release-macos-arm64 | 1.0.1 | 91.00 | OK | |||
r-release-macos-x86_64 | 1.0.1 | 188.00 | OK | |||
r-release-windows-x86_64 | 1.0.1 | 28.00 | 189.00 | 217.00 | OK | |
r-oldrel-macos-arm64 | 1.0.1 | 92.00 | OK | |||
r-oldrel-macos-x86_64 | 1.0.1 | 197.00 | OK | |||
r-oldrel-windows-x86_64 | 1.0.1 | 38.00 | 240.00 | 278.00 | OK |
Version: 1.0.1
Check: Rd cross-references
Result: NOTE
Undeclared package ‘emdi’ in Rd xrefs
Flavor: r-devel-linux-x86_64-fedora-clang
Version: 1.0.1
Check: data for non-ASCII characters
Result: NOTE
Note: found 3208 marked UTF-8 strings
Flavors: r-devel-linux-x86_64-fedora-clang, r-devel-linux-x86_64-fedora-gcc