Last updated on 2024-05-04 13:49:15 CEST.
Flavor | Version | Tinstall | Tcheck | Ttotal | Status | Flags |
---|---|---|---|---|---|---|
r-devel-linux-x86_64-debian-clang | 1.0.2 | 76.72 | 39.71 | 116.43 | NOTE | |
r-devel-linux-x86_64-debian-gcc | 1.0.2 | 54.93 | 30.63 | 85.56 | NOTE | |
r-devel-linux-x86_64-fedora-clang | 1.0.2 | 161.44 | NOTE | |||
r-devel-linux-x86_64-fedora-gcc | 1.0.2 | 158.75 | NOTE | |||
r-devel-windows-x86_64 | 1.0.2 | 57.00 | 76.00 | 133.00 | NOTE | |
r-patched-linux-x86_64 | 1.0.2 | 75.20 | 37.93 | 113.13 | NOTE | |
r-release-linux-x86_64 | 1.0.2 | 62.39 | 38.81 | 101.20 | NOTE | |
r-release-macos-arm64 | 1.0.2 | 37.00 | NOTE | |||
r-release-windows-x86_64 | 1.0.2 | 55.00 | 72.00 | 127.00 | NOTE | |
r-oldrel-macos-arm64 | 1.0.2 | 42.00 | OK | |||
r-oldrel-macos-x86_64 | 1.0.2 | 61.00 | OK | |||
r-oldrel-windows-x86_64 | 1.0.2 | 68.00 | 84.00 | 152.00 | OK |
Version: 1.0.2
Check: Rd files
Result: NOTE
checkRd: (-1) pqrBayes.Rd:58: Lost braces; missing escapes or markup?
58 | When {sparse=TRUE} (default), spike--and--slab priors are adopted. Otherwise, Laplacian shrinkage will be used.
| ^
checkRd: (-1) pqrBayes.Rd:62: Lost braces in \itemize; meant \describe ?
checkRd: (-1) pqrBayes.Rd:63: Lost braces in \itemize; meant \describe ?
Flavors: r-devel-linux-x86_64-debian-clang, r-devel-linux-x86_64-debian-gcc, r-devel-linux-x86_64-fedora-clang, r-devel-linux-x86_64-fedora-gcc, r-devel-windows-x86_64, r-patched-linux-x86_64, r-release-linux-x86_64, r-release-macos-arm64, r-release-windows-x86_64