Last updated on 2024-05-04 05:50:30 CEST.
Flavor | Version | Tinstall | Tcheck | Ttotal | Status | Flags |
---|---|---|---|---|---|---|
r-devel-linux-x86_64-debian-clang | 1.1.0 | 26.83 | 175.28 | 202.11 | OK | |
r-devel-linux-x86_64-fedora-clang | 1.1.0 | 249.01 | NOTE | |||
r-devel-linux-x86_64-fedora-gcc | 1.1.0 | 238.00 | OK | |||
r-devel-windows-x86_64 | 1.1.0 | 23.00 | 133.00 | 156.00 | OK | |
r-patched-linux-x86_64 | 1.1.0 | 35.18 | 168.58 | 203.76 | OK | |
r-release-linux-x86_64 | 1.1.0 | 21.71 | 170.95 | 192.66 | OK | |
r-release-macos-arm64 | 1.1.0 | 63.00 | OK | |||
r-release-macos-x86_64 | 1.1.0 | 164.00 | OK | |||
r-release-windows-x86_64 | 1.1.0 | 24.00 | 132.00 | 156.00 | OK | |
r-oldrel-macos-arm64 | 1.1.0 | 72.00 | OK | |||
r-oldrel-macos-x86_64 | 1.1.0 | 169.00 | OK | |||
r-oldrel-windows-x86_64 | 1.1.0 | 31.00 | 165.00 | 196.00 | OK |
Version: 1.1.0
Check: Rd cross-references
Result: NOTE
Undeclared package ‘TMB’ in Rd xrefs
Flavor: r-devel-linux-x86_64-fedora-clang