Last updated on 2024-05-04 09:49:45 CEST.
Flavor | Version | Tinstall | Tcheck | Ttotal | Status | Flags |
---|---|---|---|---|---|---|
r-devel-linux-x86_64-debian-clang | 1.0.1 | 0.69 | 2.37 | 3.06 | ERROR | |
r-devel-linux-x86_64-debian-gcc | 1.0.1 | 18.69 | 168.29 | 186.98 | OK | |
r-devel-linux-x86_64-fedora-clang | 1.0.1 | 336.06 | OK | |||
r-devel-linux-x86_64-fedora-gcc | 1.0.1 | 309.59 | OK | |||
r-devel-windows-x86_64 | 1.0.1 | 20.00 | 167.00 | 187.00 | OK | |
r-patched-linux-x86_64 | 1.0.1 | 15.54 | 213.44 | 228.98 | OK | |
r-release-linux-x86_64 | 1.0.1 | 15.82 | 218.27 | 234.09 | OK | |
r-release-macos-arm64 | 1.0.1 | 88.00 | OK | |||
r-release-macos-x86_64 | 1.0.1 | 196.00 | OK | |||
r-release-windows-x86_64 | 1.0.1 | 22.00 | 170.00 | 192.00 | OK | |
r-oldrel-macos-arm64 | 1.0.1 | 91.00 | OK | |||
r-oldrel-macos-x86_64 | 1.0.1 | 176.00 | OK | |||
r-oldrel-windows-x86_64 | 1.0.1 | 20.00 | 203.00 | 223.00 | OK |
Version: 1.0.1
Check: package dependencies
Result: ERROR
Packages required but not available: 'AnnotationDbi', 'org.Hs.eg.db'
See section ‘The DESCRIPTION file’ in the ‘Writing R Extensions’
manual.
Flavor: r-devel-linux-x86_64-debian-clang