Last updated on 2024-05-04 13:49:15 CEST.
Flavor | Version | Tinstall | Tcheck | Ttotal | Status | Flags |
---|---|---|---|---|---|---|
r-devel-linux-x86_64-debian-clang | 8.0.3 | 563.23 | 513.59 | 1076.82 | NOTE | |
r-devel-linux-x86_64-debian-gcc | 8.0.3 | 462.91 | 355.27 | 818.18 | NOTE | |
r-devel-linux-x86_64-fedora-clang | 8.0.3 | 1663.86 | NOTE | |||
r-devel-linux-x86_64-fedora-gcc | 8.0.3 | 1608.75 | NOTE | |||
r-devel-windows-x86_64 | 8.0.3 | 452.00 | 383.00 | 835.00 | NOTE | |
r-patched-linux-x86_64 | 8.0.3 | 575.55 | 468.71 | 1044.26 | NOTE | |
r-release-linux-x86_64 | 8.0.3 | 582.62 | 481.45 | 1064.07 | NOTE | |
r-release-macos-arm64 | 8.0.3 | 250.00 | NOTE | |||
r-release-windows-x86_64 | 8.0.3 | 442.00 | 386.00 | 828.00 | NOTE | |
r-oldrel-macos-arm64 | 8.0.3 | 279.00 | NOTE | |||
r-oldrel-macos-x86_64 | 8.0.3 | 387.00 | NOTE | |||
r-oldrel-windows-x86_64 | 8.0.3 | 548.00 | 499.00 | 1047.00 | NOTE |
Version: 8.0.3
Check: package dependencies
Result: NOTE
Packages suggested but not available for checking:
'gurobi', 'rcbc', 'cplexAPI'
Flavors: r-devel-linux-x86_64-debian-clang, r-devel-linux-x86_64-debian-gcc, r-devel-linux-x86_64-fedora-clang, r-devel-linux-x86_64-fedora-gcc, r-devel-windows-x86_64, r-patched-linux-x86_64, r-release-linux-x86_64, r-release-macos-arm64, r-release-windows-x86_64, r-oldrel-macos-arm64, r-oldrel-macos-x86_64, r-oldrel-windows-x86_64
Version: 8.0.3
Check: installed package size
Result: NOTE
installed size is 8.8Mb
sub-directories of 1Mb or more:
R 1.3Mb
doc 4.7Mb
Flavors: r-devel-linux-x86_64-fedora-clang, r-devel-windows-x86_64, r-release-macos-arm64, r-release-windows-x86_64, r-oldrel-macos-arm64, r-oldrel-macos-x86_64, r-oldrel-windows-x86_64